.
-1
Let m(k) = k**3 - k**2 + 77. Let s(y) = 45*y - 630. Let c be s(14). Determine m(c).
77
Let a = 1 - 1. Suppose -y + 4 = 2*z, -2*y = 3*y - z - 20. Suppose a + y = -i. Let u(f) = 2*f + 5. Calculate u(i).
-3
Let r(b) = -b**2 - 55*b - 1. Let x be r(-55). Let z(o) = 25*o - 1. Determine z(x).
-26
Let x(w) = w + 3. Suppose 8 = -5*f + 2*i + 28, 5*f - 4*i = 20. Let k(h) = -5*h - 15. Let q(o) = f*k(o) + 22*x(o). Calculate q(-5).
-4
Let z(j) = 3*j**3 + 2*j**2 + 2*j. Let s(r) = -4*r**3 - 2*r**2 - 3*r. Suppose 15*d - 14*d + 3 = 0. Let v(b) = d*z(b) - 2*s(b). Calculate v(-3).
9
Let w(h) = 4*h**3 - h**2 + 3*h - 2. Let i be w(1). Let b(q) = 2 - i + 2 - q - 3. Give b(7).
-10
Let t(n) = -n + 3 - 5 + 11 - 5 + 9. Determine t(7).
6
Suppose 20*k = 15*k - 5. Let t(z) = 0*z + 3*z + 0*z**3 - 2*z + 7*z**3. Calculate t(k).
-8
Suppose -2*w = 5*u - 15, -3*u + 160*w + 20 = 159*w. Let j(b) = 6*b + 7. Give j(u).
37
Let f be (94/(-282))/((-1)/(-3)). Let t(w) = -4*w**2 + 3*w + 2. Give t(f).
-5
Let l(p) = -5*p + 109. Let t be l(23). Let m(f) = -4*f**2 + 7*f + 3. Let v(r) = 3*r**2 - 7*r - 3. Let z(g) = 4*m(g) + 5*v(g). Calculate z(t).
3
Let p(a) = -5*a + 1 - a**2 - a + 0*a. Let v(b) = 7*b - 33. Let i be v(4). Determine p(i).
6
Let p(z) = z**3 + 8*z**2 + 3*z - 5. Let l(g) = -9*g + 353. Let r be l(40). What is p(r)?
23
Let v(u) = -3*u - 1. Let q(k) = k**2 - k - 12. Let h be q(4). Give v(h).
-1
Let t be 4 + (-38)/8 + 3/4. Let r(b) = 14. Let v(n) = -3*n + 1 + 4*n + 0*n. Let u(s) = -r(s) + v(s). Give u(t).
-13
Let y(w) = 2*w - 1. Let d(g) = 4*g - 2. Let r = -11 + 14. Let j(f) = r*d(f) - 5*y(f). Give j(4).
7
Let v(x) = 5*x**2 - 2*x - 1. Let h = -59 + 66. Suppose -4*m - h = 3*m. Determine v(m).
6
Let h(m) = 14*m**3 - m - 1. Let p = -75 + 37. Let w be 42/p + (-26)/(-247). What is h(w)?
-14
Let m be 14/7 - (-1 - -1). Suppose -m*w + 4 = -0. Let k(o) = o + 2*o + o + o. Determine k(w).
10
Suppose -4*c - v - 29 - 5 = 0, v + 25 = -3*c. Let f(d) = d**3 + 10*d**2 + 8*d - 5. What is f(c)?
4
Let s(k) = -2*k**2 - 5*k + 4. Suppose -86*l = -81*l - 3*z + 29, 5*l - 5*z + 35 = 0. Determine s(l).
-8
Let l(q) = 15*q**2 - q - 2. Let n(u) = 76*u**2 - 6*u - 11. Let m(a) = 11*l(a) - 2*n(a). Suppose -78*c = -89*c - 11. What is m(c)?
12
Suppose -3*g + 26 = 8. Suppose 2*s - g = 5*b - 21, -2*s = 5*b - 15. Let l(d) = 1 + 0 + 5*d + 6*d**2 + d**b - 3 + 0*d**3. What is l(-5)?
-2
Let n(i) = i - 10. Let k be n(6). Let a(y) = y - 4*y - 5*y**2 - y**3 + 103 - 105. Give a(k).
-6
Let o(h) = 0 + 2 - 236*h + 463*h - 226*h. Let j(t) = t**2 + 5*t + 6. Let z be j(-4). What is o(z)?
4
Suppose 13*c - 11*c = 12. Let d be 12 + c/(-12)*8. Let j(b) = b**3 - 8*b**2 - 2*b + 7. Calculate j(d).
-9
Let k(s) = s**2 - 8*s + 9. Let l be -2 + 45/(-2)*12/(-9). Suppose 2*o + 2*u - 16 = 0, o + u + l = 6*o. What is k(o)?
-3
Let n(u) = u**3 - 5*u**2 + u + 2. Suppose 24*t - 40 = 8. Calculate n(t).
-8
Let l(x) = 2*x - 11. Let v(g) = g. Let c be 1/((-8)/(-10)) + 6/(-24). Let q(j) = c*l(j) - v(j). What is q(9)?
-2
Suppose 3*f = -5*y + 29 + 2, 5*y = -2*f + 29. Let c be 10/(-1)*(-1)/f. Let h(m) be the first derivative of m**4/4 - 5*m**3/3 + 3*m**2/2 - 7*m + 6. What is h(c)?
8
Let q(c) = c**2 + 14*c - 13. Let r be q(-15). Suppose -2*g = 2*t - r, 5*t = 4*g + 4*t - 29. Let k(x) = 2 + x - x - 2*x + g. Determine k(7).
-6
Suppose p + 11 = -0*k + 4*k, 8 = 5*p + k. Let g be 3 + -9 + -1 + p. Let u(d) = -d**2 - 3*d + 13. Let f be u(g). Let y(n) = n**2 + 4*n + 7. Calculate y(f).
12
Let l(r) = 3*r + 22. Let k be l(-6). Suppose -1 = -k*a - 17. Let t(w) = w**3 + 4*w**2 - 3*w + 4. Give t(a).
16
Suppose 4*z = -0*z - 24. Let w be -9 - -6 - z/1. Let o(m) = -m**3 + 3*m**2 - m - 1. Give o(w).
-4
Suppose -2*b = 3*m - 6, -6*m + 2*m - 12 = -4*b. Let n = 2 + 1. Let o(r) = -2 + 2*r**3 - 3*r**3 + 2*r + n*r**2 + r. What is o(b)?
7
Let d(j) be the second derivative of j**4/6 + j**3/3 - j**2 - 21*j + 3. Let n be ((-2)/(-5))/(7/(-35)). What is d(n)?
2
Let n(g) = g**3 + 7*g**2 + 5*g - 7. Suppose 2*u + 10 = 0, -5 = 2*j + 2*j - 3*u. Determine n(j).
18
Let a(l) = -l**2 + 5*l - 7. Suppose 0 = -5*u + 38 + 2. Suppose f + u + 4 = 2*q, 0 = 3*q + f - 13. Suppose 0 = 2*b - q - 5. What is a(b)?
-7
Suppose -4*o + 5*u + 19 = 0, 5*o - 19 = 3*u - 5. Let a(i) = 8*i - 6. Let r(h) = 8*h - 5. Let l(t) = -4*a(t) + 5*r(t). Give l(o).
7
Let x(a) = -37*a + 40*a + 8 + 11 + 6 + 17. Calculate x(-14).
0
Let v(s) = -3*s**3 - 4*s**2 + 2*s - 2. Let z(w) = 2*w**3 + 2*w**2 - w + 1. Let x(c) = -3*v(c) - 5*z(c). Let k be (-3 - 1)/(2/(-4)). Let n = k + -6. Give x(n).
-1
Let t(f) = 40*f - 2. Let x(w) = 49*w - 2. Let b(n) = -5*t(n) + 4*x(n). Let s be ((-2)/(-4))/(2/20). Give b(s).
-18
Let u(i) = -i**2 - 3*i + 1. Suppose 4*z = 93 - 29. Let q be ((-10)/(-8))/(z/(-64)). What is u(q)?
-9
Suppose 0 = 5*a - 25, a - 8 = g - a. Suppose 5 = 3*s - 10. Suppose d + d + s*j - g = 0, -4*j - 2 = d. Let w(u) = -u + 3. Give w(d).
-3
Let h(a) be the second derivative of -a**3/6 - a + 104. Give h(7).
-7
Let m(t) be the first derivative of -t**2 - 3*t - 48. Determine m(9).
-21
Let a(s) = s - 3. Let x = 613 + -604. What is a(x)?
6
Let f(g) = 4790 - 4*g**2 - 4794 + 5*g**2 + 9*g. Determine f(-9).
-4
Let v(z) = z**3 - 6*z**2 + 4*z - 1. Suppose 0 = -t - 2. Let h(b) = b + 6. Let w be h(t). Suppose 3 + 17 = w*c. Calculate v(c).
-6
Let m(g) = 18*g**2 + 2*g - 8. Let s(r) = 9*r**2 + r - 5. Let t(u) = -3*m(u) + 5*s(u). Give t(-1).
-9
Let x(p) = 9*p + 11 - 12 + 6*p - 17*p. Calculate x(-3).
5
Let a(o) = -o**3 - 5*o**2 + 7*o + 1. Let i be a(-6). Let f(x) = 2*x**2 + 32 + 36 + 33 - 102 - 3*x**2 - 6*x. Determine f(i).
4
Let q be (-21)/6 + 4/(-8). Let o(u) = -6*u. Let h(t) = 2*t. Let i(l) = 17*h(l) + 6*o(l). Give i(q).
8
Suppose -n + 12 = 7*x - 2*x, -8 = -2*x - 2*n. Suppose 4*j - x = 3*j. Suppose 2 = -j*p - 0*p - 3*r, -3*r = -6. Let v(b) = 2*b - 2. Give v(p).
-10
Let j(q) = 2*q**2 - 2*q - 4. Suppose -8*f + 1 + 31 = 0. Calculate j(f).
20
Suppose 4*q = -31*m + 30*m + 10, 4*m + 2 = 5*q. Let i(f) = -11*f - 4. What is i(q)?
-26
Let p(o) = -2*o**3 - 58*o**2 - 60*o - 89. Let m be p(-28). Let f(u) = -u**3 + u - 1. Let b be f(1). Let d be (-13 + m)*b/(-2). Let k(w) = w + 6. What is k(d)?
11
Let r(s) = 4*s**2. Let c = 103 + -100. Let l be 0 + c/4*(-36)/(-27). Give r(l).
4
Let y(t) = 6 + t**2 - 2303*t + 1150*t + 1152*t. Calculate y(3).
12
Suppose 15 = -0*z + 5*z + m, 4*z + 4*m = 28. Let v(t) = -t**3 - 1 + 6*t + 2 + 0*t**2 - 5*t**z + 0. Calculate v(-6).
1
Let u be 58/8 - 9/36. Let f(v) = -u - 11*v + 4 + 7*v. Give f(-2).
5
Let s(l) = -2*l**3 - 22*l**2 + 2*l + 1. Let a(k) = k**3 + 11*k**2 - k - 1. Let u(t) = -7*a(t) - 3*s(t). Determine u(-11).
-7
Let t(r) = 64 - 26 - 26 - 34 + 3*r. Give t(8).
2
Let s(h) be the second derivative of -h**6/45 + h**5/60 - h**4/24 + 11*h**3/2 - 12*h. Let f(a) be the second derivative of s(a). Calculate f(1).
-7
Let n(i) = -2*i - 2. Let x be n(-2). Suppose -4*b - 18 = -2*r, 0*b - x = -3*r + b. Let h(v) = 4*v - 1. Give h(r).
-5
Let k(g) = -g**3 - 9*g**2 + 7. Let b(p) = -4*p**2 + 5*p - 3. Let a be b(2). Let d be k(a). Let y(l) = -l**3 + 8*l**2 - 8*l + 8. What is y(d)?
1
Let k(b) be the second derivative of -b**4/12 + 13*b**3/6 - 7*b**2/2 + b. Determine k(5).
33
Let u(b) = -7*b**2 - 3*b + 3. Let y(s) = -s**2 + 1. Let t(i) = u(i) - 6*y(i). Suppose 5*v + 6 = 8*v. Let g be -1 - ((3 - 1)/v - -1). What is t(g)?
-3
Let m(i) = i**3 + 8*i**2 + 4*i - 1. Let o(y) = 4*y**3 - 16*y**2 - 5*y + 17. Let a be o(4). Calculate m(a).
32
Suppose 5*j - 174 = -14. Let f(d) = -11 + d + j - 14 - 13. Give f(9).
3
Let z(i) = -i**3 + 12*i**2 - 5*i + 50. Let o be z(12). Let x(y) = y**2 + 10*y + 4. Calculate x(o).
4
Suppose -4*y - 3*w = 18, 13*y = 11*y + 5*w - 22. Let j = -1 - -6. Let v(a) = 2 - 8*a - j - a**2 - 1. What is v(y)?
8
Let p be 2/3*12 + 1. Let i(n) = -n. Determine i(p).
-9
Let q(p) = -3*p**3 - 1. Let c be 24/(-30)*115/(-2). Let a = 45 - c. Calculate q(a).
2
Let w be ((-6)/9*-3)/1. Let n(q) = q**w + 12*q + q**3 - 4*q - 8*q**2. Let x(r) = 3*r**3 + 16*r**2 + r - 14. Let g be x(-5). Give n(g).
12
Let n(k) = -k**3 + 5*k**2 - 6*k + 6. Let t = 42 - 30. Suppose -2*c + t = c. Suppose -3*x + 2*x = c*g + 12, 0 = -3*x - 2*g + 4. Determine n(x).
-2
Let g(x) = -10*x**3 - 6*x + 2. Let y(q) = 10*q**3 + 8*q - 3. Let a(l) = -4*g(l) - 3*y(l). What is a(1)?
11
Let m(g) = -5*